{"id":214,"date":"2013-07-29T18:25:38","date_gmt":"2013-07-29T16:25:38","guid":{"rendered":"http:\/\/riks.org\/wp\/?page_id=214"},"modified":"2016-07-01T18:10:48","modified_gmt":"2016-07-01T16:10:48","slug":"anfahrt","status":"publish","type":"page","link":"https:\/\/naturheilpraxis-langenfeld.de\/wpl\/anfahrt\/","title":{"rendered":"Anfahrt"},"content":{"rendered":"<h2>von der A3:<\/h2>\n<p>Abfahrt Nr. 20 Solingen\/Langenfeld rechts ab B229 -&gt; Richtung Langenfeld &#8211; ca. 0.5 km geradeaus &#8211; 4. Stra\u00dfe rechts in die Schneiderstra\u00dfe &#8211; 2. Abfahrt rechts auf den Winkelsweg &#8211; 2. Stra\u00dfe rechts auf die Fabriciusstra\u00dfe &#8211; 1. Stra\u00dfe rechts in die Ostlandstra\u00dfe &#8211; vor dem 2. Haus auf der linken Seite stehen Ihnen kostenlose Parkpl\u00e4tze zur Verf\u00fcgung.<\/p>\n<h2>aus Leichlingen:<\/h2>\n<p>Bergische Landstra\u00dfe Richtung Langenfeld Hardt &#8211; an der ARA Schuhfabrik weiter geradeaus \u00fcber die Kreuzung bis zur 2.Abfahrt rechts auf den Winkelsweg &#8211; 2. Stra\u00dfe rechts auf die Fabriciusstra\u00dfe &#8211; 1. Stra\u00dfe rechts in die Ostlandstra\u00dfe &#8211; vor dem 2. Haus auf der linken Seite stehen Ihnen kostenlose Parkpl\u00e4tze zur Verf\u00fcgung.<\/p>\n<h2>Langenfeld Innenstadt:<\/h2>\n<p>Solinger Stra\u00dfe -&gt; Richtung Hardt \/ Solingen durch die Unterf\u00fchrung &#8211; Kreisverkehr geradeaus &#8211; 1. Stra\u00dfe links auf die Schneiderstra\u00dfe &#8211; 2. Abfahrt rechts auf den Winkelsweg &#8211; 2. Stra\u00dfe rechts auf die Fabriciusstra\u00dfe &#8211; 1. Stra\u00dfe rechts in die Ostlandstra\u00dfe &#8211; vor dem 2. Haus auf der linken Seite stehen Ihnen kostenlose Parkpl\u00e4tze zur Verf\u00fcgung.<\/p>\n<h2>aus D\u00fcsseldorf:<\/h2>\n<p>\u00fcber die A3 bis Abf. Solingen\/Langenfeld &#8211; weiter s. o.<\/p>\n<h2>aus D\u00fcseldorf\/Garath:<\/h2>\n<p>\u00fcber B8 bis 1. Kreuzung\/Langenfeld (gleich nach Autohaus VW) links abfahren auf die Berghausener Stra\u00dfe &#8211; immer geradaus \u00fcber den Winkelsweg in Richtung Wiescheid &#8211; nach \u00fcberquerung der Schneiderstra\u00dfe die 2. Stra\u00dfe rechts auf die Fabriciusstra\u00dfe &#8211; 1. Stra\u00dfe rechts in die Ostlandstra\u00dfe &#8211; vor dem 2. Haus auf der linken Seite stehen Ihnen kostenlose Parkpl\u00e4tze zur Verf\u00fcgung.<\/p>\n","protected":false},"excerpt":{"rendered":"<p>von der A3: Abfahrt Nr. 20 Solingen\/Langenfeld rechts ab B229 -&gt; Richtung Langenfeld &#8211; ca. 0.5 km geradeaus &#8211; 4. Stra\u00dfe rechts in die Schneiderstra\u00dfe &#8211; 2. Abfahrt rechts auf den Winkelsweg &#8211; 2. Stra\u00dfe rechts auf die Fabriciusstra\u00dfe &#8211; 1. Stra\u00dfe rechts in die Ostlandstra\u00dfe &#8211; vor dem 2. Haus auf der linken Seite [&hellip;]<\/p>\n","protected":false},"author":1,"featured_media":0,"parent":0,"menu_order":70,"comment_status":"closed","ping_status":"closed","template":"","meta":{"footnotes":""},"_links":{"self":[{"href":"https:\/\/naturheilpraxis-langenfeld.de\/wpl\/wp-json\/wp\/v2\/pages\/214"}],"collection":[{"href":"https:\/\/naturheilpraxis-langenfeld.de\/wpl\/wp-json\/wp\/v2\/pages"}],"about":[{"href":"https:\/\/naturheilpraxis-langenfeld.de\/wpl\/wp-json\/wp\/v2\/types\/page"}],"author":[{"embeddable":true,"href":"https:\/\/naturheilpraxis-langenfeld.de\/wpl\/wp-json\/wp\/v2\/users\/1"}],"replies":[{"embeddable":true,"href":"https:\/\/naturheilpraxis-langenfeld.de\/wpl\/wp-json\/wp\/v2\/comments?post=214"}],"version-history":[{"count":2,"href":"https:\/\/naturheilpraxis-langenfeld.de\/wpl\/wp-json\/wp\/v2\/pages\/214\/revisions"}],"predecessor-version":[{"id":378,"href":"https:\/\/naturheilpraxis-langenfeld.de\/wpl\/wp-json\/wp\/v2\/pages\/214\/revisions\/378"}],"wp:attachment":[{"href":"https:\/\/naturheilpraxis-langenfeld.de\/wpl\/wp-json\/wp\/v2\/media?parent=214"}],"curies":[{"name":"wp","href":"https:\/\/api.w.org\/{rel}","templated":true}]}}