{"id":210,"date":"2013-07-29T18:22:56","date_gmt":"2013-07-29T16:22:56","guid":{"rendered":"http:\/\/riks.org\/wp\/?page_id=210"},"modified":"2013-07-29T18:22:56","modified_gmt":"2013-07-29T16:22:56","slug":"faltenunterspritzung","status":"publish","type":"page","link":"https:\/\/naturheilpraxis-langenfeld.de\/wpl\/medizinische-kosmetik\/faltenunterspritzung\/","title":{"rendered":"Faltenunterspritzung"},"content":{"rendered":"<h2>Biologische Faltenauff\u00fcllung mit Hyaloron<\/h2>\n<p>Verwendung finden biologisch abbaubare Hyalorons\u00e4ureimplantate, die direkt in die Haut injiziert werden.<\/p>\n<p>Behandelt werden feine Linien, F\u00e4ltchen als auch ausgepr\u00e4gte Falten. Auch der Wunsch nach mehr Lippenvolumen und Betonung des Lippenrandes l\u00e4\u00dft sich realisieren. Ebenso k\u00f6nnen Narben behandelt werden.<\/p>\n<p>Vor der Behandlung erfolgt eine ausf\u00fchrliche Untersuchung und Beratung \u00fcber das zu zur Verwendung kommende Produkt sowie \u00fcber Wirkung und m\u00f6gliche Nebenwirkungen.<\/p>\n","protected":false},"excerpt":{"rendered":"<p>Biologische Faltenauff\u00fcllung mit Hyaloron Verwendung finden biologisch abbaubare Hyalorons\u00e4ureimplantate, die direkt in die Haut injiziert werden. Behandelt werden feine Linien, F\u00e4ltchen als auch ausgepr\u00e4gte Falten. Auch der Wunsch nach mehr Lippenvolumen und Betonung des Lippenrandes l\u00e4\u00dft sich realisieren. Ebenso k\u00f6nnen Narben behandelt werden. Vor der Behandlung erfolgt eine ausf\u00fchrliche Untersuchung und Beratung \u00fcber das zu [&hellip;]<\/p>\n","protected":false},"author":1,"featured_media":0,"parent":198,"menu_order":30,"comment_status":"closed","ping_status":"closed","template":"","meta":{"footnotes":""},"_links":{"self":[{"href":"https:\/\/naturheilpraxis-langenfeld.de\/wpl\/wp-json\/wp\/v2\/pages\/210"}],"collection":[{"href":"https:\/\/naturheilpraxis-langenfeld.de\/wpl\/wp-json\/wp\/v2\/pages"}],"about":[{"href":"https:\/\/naturheilpraxis-langenfeld.de\/wpl\/wp-json\/wp\/v2\/types\/page"}],"author":[{"embeddable":true,"href":"https:\/\/naturheilpraxis-langenfeld.de\/wpl\/wp-json\/wp\/v2\/users\/1"}],"replies":[{"embeddable":true,"href":"https:\/\/naturheilpraxis-langenfeld.de\/wpl\/wp-json\/wp\/v2\/comments?post=210"}],"version-history":[{"count":0,"href":"https:\/\/naturheilpraxis-langenfeld.de\/wpl\/wp-json\/wp\/v2\/pages\/210\/revisions"}],"up":[{"embeddable":true,"href":"https:\/\/naturheilpraxis-langenfeld.de\/wpl\/wp-json\/wp\/v2\/pages\/198"}],"wp:attachment":[{"href":"https:\/\/naturheilpraxis-langenfeld.de\/wpl\/wp-json\/wp\/v2\/media?parent=210"}],"curies":[{"name":"wp","href":"https:\/\/api.w.org\/{rel}","templated":true}]}}