{"id":178,"date":"2013-07-29T17:55:19","date_gmt":"2013-07-29T15:55:19","guid":{"rendered":"http:\/\/riks.org\/wp\/?page_id=178"},"modified":"2013-07-29T20:31:52","modified_gmt":"2013-07-29T18:31:52","slug":"breus-massage","status":"publish","type":"page","link":"https:\/\/naturheilpraxis-langenfeld.de\/wpl\/therapien\/massagen\/breus-massage\/","title":{"rendered":"Breu\u00df-Massage"},"content":{"rendered":"<p>Die Massage nach Rudolf Breu\u00df ist eine sanfte Behandlung der Wirbels\u00e4ule, bei der die Bandscheiben &#8222;bel\u00fcftet&#8220; werden, d.h. sie k\u00f6nnen sich wieder auf ihre nat\u00fcrliche Gr\u00f6\u00dfe ausdehnen, wie ein Schwamm, der zuvor zusammengepresst wurde.<\/p>\n<p>Hierbei werden bestimmte \u00d6le verwendet, um die Regeneration der unterversorgten Bandscheiben zu unterst\u00fctzen.<\/p>\n<p>K\u00f6rperliche und seelische Verspannungen l\u00f6sen sich und der R\u00fccken ist gut vorbereitet f\u00fcr die <a title=\"Wirbels\u00e4ulentherapie\" href=\"http:\/\/naturheilpraxis-langenfeld.de\/wpl\/therapien\/schmerztherapie\/wirbelsaulentherapie\/\">Therapie nach D. Dorn<\/a><\/p>\n","protected":false},"excerpt":{"rendered":"<p>Die Massage nach Rudolf Breu\u00df ist eine sanfte Behandlung der Wirbels\u00e4ule, bei der die Bandscheiben &#8222;bel\u00fcftet&#8220; werden, d.h. sie k\u00f6nnen sich wieder auf ihre nat\u00fcrliche Gr\u00f6\u00dfe ausdehnen, wie ein Schwamm, der zuvor zusammengepresst wurde. Hierbei werden bestimmte \u00d6le verwendet, um die Regeneration der unterversorgten Bandscheiben zu unterst\u00fctzen. K\u00f6rperliche und seelische Verspannungen l\u00f6sen sich und der [&hellip;]<\/p>\n","protected":false},"author":1,"featured_media":0,"parent":174,"menu_order":20,"comment_status":"closed","ping_status":"closed","template":"","meta":{"footnotes":""},"_links":{"self":[{"href":"https:\/\/naturheilpraxis-langenfeld.de\/wpl\/wp-json\/wp\/v2\/pages\/178"}],"collection":[{"href":"https:\/\/naturheilpraxis-langenfeld.de\/wpl\/wp-json\/wp\/v2\/pages"}],"about":[{"href":"https:\/\/naturheilpraxis-langenfeld.de\/wpl\/wp-json\/wp\/v2\/types\/page"}],"author":[{"embeddable":true,"href":"https:\/\/naturheilpraxis-langenfeld.de\/wpl\/wp-json\/wp\/v2\/users\/1"}],"replies":[{"embeddable":true,"href":"https:\/\/naturheilpraxis-langenfeld.de\/wpl\/wp-json\/wp\/v2\/comments?post=178"}],"version-history":[{"count":2,"href":"https:\/\/naturheilpraxis-langenfeld.de\/wpl\/wp-json\/wp\/v2\/pages\/178\/revisions"}],"predecessor-version":[{"id":238,"href":"https:\/\/naturheilpraxis-langenfeld.de\/wpl\/wp-json\/wp\/v2\/pages\/178\/revisions\/238"}],"up":[{"embeddable":true,"href":"https:\/\/naturheilpraxis-langenfeld.de\/wpl\/wp-json\/wp\/v2\/pages\/174"}],"wp:attachment":[{"href":"https:\/\/naturheilpraxis-langenfeld.de\/wpl\/wp-json\/wp\/v2\/media?parent=178"}],"curies":[{"name":"wp","href":"https:\/\/api.w.org\/{rel}","templated":true}]}}