{"id":121,"date":"2013-07-29T16:46:04","date_gmt":"2013-07-29T14:46:04","guid":{"rendered":"http:\/\/riks.org\/wp\/?page_id=121"},"modified":"2013-07-29T16:46:04","modified_gmt":"2013-07-29T14:46:04","slug":"phytotherapie","status":"publish","type":"page","link":"https:\/\/naturheilpraxis-langenfeld.de\/wpl\/therapien\/klassische-naturheilverfahren\/phytotherapie\/","title":{"rendered":"Phytotherapie"},"content":{"rendered":"<p>In der Phytotherapie, einem der \u00e4ltesten Therapieverfahren \u00fcberhaupt, werden Beschwerden mit Hilfe von Pflanzenwirkstoffen behandelt.<\/p>\n<p>Die Pflanzen werden eingesetzt als Frischpflanzen, als Drogen oder als Extrakte, die auch zu Tees, Kapseln, Tropfen oder Salben weiterverarbeitet werden k\u00f6nnen. Hinsichtlich der Wirksamkeit gibt es sowohl bei den einzelnen Pflanzen als auch bei den Pr\u00e4paraten gro\u00dfe Unterschiede; generell haben pflanzliche Pr\u00e4parate jedoch ein breites Wirkungsspektrum und weniger Nebenwirkungen als synthetische .<\/p>\n","protected":false},"excerpt":{"rendered":"<p>In der Phytotherapie, einem der \u00e4ltesten Therapieverfahren \u00fcberhaupt, werden Beschwerden mit Hilfe von Pflanzenwirkstoffen behandelt. Die Pflanzen werden eingesetzt als Frischpflanzen, als Drogen oder als Extrakte, die auch zu Tees, Kapseln, Tropfen oder Salben weiterverarbeitet werden k\u00f6nnen. Hinsichtlich der Wirksamkeit gibt es sowohl bei den einzelnen Pflanzen als auch bei den Pr\u00e4paraten gro\u00dfe Unterschiede; generell [&hellip;]<\/p>\n","protected":false},"author":1,"featured_media":0,"parent":115,"menu_order":20,"comment_status":"closed","ping_status":"closed","template":"","meta":{"footnotes":""},"_links":{"self":[{"href":"https:\/\/naturheilpraxis-langenfeld.de\/wpl\/wp-json\/wp\/v2\/pages\/121"}],"collection":[{"href":"https:\/\/naturheilpraxis-langenfeld.de\/wpl\/wp-json\/wp\/v2\/pages"}],"about":[{"href":"https:\/\/naturheilpraxis-langenfeld.de\/wpl\/wp-json\/wp\/v2\/types\/page"}],"author":[{"embeddable":true,"href":"https:\/\/naturheilpraxis-langenfeld.de\/wpl\/wp-json\/wp\/v2\/users\/1"}],"replies":[{"embeddable":true,"href":"https:\/\/naturheilpraxis-langenfeld.de\/wpl\/wp-json\/wp\/v2\/comments?post=121"}],"version-history":[{"count":0,"href":"https:\/\/naturheilpraxis-langenfeld.de\/wpl\/wp-json\/wp\/v2\/pages\/121\/revisions"}],"up":[{"embeddable":true,"href":"https:\/\/naturheilpraxis-langenfeld.de\/wpl\/wp-json\/wp\/v2\/pages\/115"}],"wp:attachment":[{"href":"https:\/\/naturheilpraxis-langenfeld.de\/wpl\/wp-json\/wp\/v2\/media?parent=121"}],"curies":[{"name":"wp","href":"https:\/\/api.w.org\/{rel}","templated":true}]}}